sor of n and 13.
13
Suppose 13449 - 41474 = -19*v. Calculate the highest common factor of 59 and v.
59
Let f(q) = 33*q + 187. Let t be f(5). Calculate the greatest common factor of 22 and t.
22
Suppose -8059 = -17*q - 324. Calculate the highest common factor of q and 35.
35
Suppose 0 = -q - 4*t + 35 + 128, 2*t = -10. Let h = 260 - q. Calculate the highest common factor of h and 7.
7
Suppose -2*q = 5*j - 38, -2*q + 6 = -0*q - 3*j. Suppose 5*o - 67 + q = 3*x, o + x = 10. Let y = -217 + 305. Calculate the greatest common factor of o and y.
11
Let f be (28/(-12) + 1)/(4/(-54)). Calculate the highest common divisor of f and 24.
6
Let b(u) = 3*u + 4. Suppose j + 1 - 6 = 0. Let o(t) = -2*t - 3. Let a(m) = j*b(m) + 6*o(m). Let k be a(10). What is the greatest common factor of 8 and k?
8
Let t be (29/(-58))/((-1)/14). Let d be 434/56 - 3/4. Calculate the greatest common factor of d and t.
7
Suppose 2*j + 2*p = -0*j - 94, 4*j + 5*p + 187 = 0. Let s be 0 - (752/j - 1/3). Calculate the highest common factor of s and 20.
4
Suppose 12*r = 6040 + 4544. Calculate the highest common factor of 18 and r.
18
Suppose -26*h = -596 - 496. What is the greatest common divisor of h and 18?
6
Let d = 2 + 4. Suppose -6*w = -5*f - 2*w + 30, -w = -f + 7. Suppose -16 = f*p - d*p. Calculate the greatest common divisor of 10 and p.
2
Suppose 4*c - 5*m + 13 = 0, -4*c = 4*m - 2*m + 34. Let d be (-111)/2 - (-1)/(-2). Let n be (-16)/d + (-12)/c. Calculate the greatest common factor of 6 and n.
2
Let u(p) = 5*p - 5. Let b be u(7). Let f(l) = -22*l - 32. Let c be f(-2). Calculate the highest common factor of b and c.
6
Let k = 1083 - 1072. Suppose -3 = -4*g + 1. Calculate the greatest common divisor of k and g.
1
Suppose 4*o - 32 = -3*l - 0*l, 2*l = 0. Suppose o*q - 154 = -3*q. What is the greatest common factor of q and 98?
14
Suppose 2*g = -2*g + 1672. Calculate the greatest common divisor of g and 22.
22
Let b = 3 - -177. What is the greatest common factor of 24 and b?
12
Let g = -75 + 107. Let q = g + 122. What is the highest common factor of q and 22?
22
Suppose 2508 = 3*r - 4*z, 5*r = 3*z + 2562 + 1607. Calculate the highest common divisor of r and 26.
26
Let q be (102/136 + (-1)/4)*0. Let j be ((-4)/(-6))/((-2)/(-312)). Suppose q = v - 5*v + j. Calculate the highest common divisor of 156 and v.
26
Let b be (-13446)/(-4) - (-5)/90*9. Calculate the greatest common factor of b and 82.
82
Let v = -39 - -114. Suppose -v = -3*z - 2*z. Suppose -5*d = 3*s - 15, -10 = -5*d + 3*s + 5. Calculate the greatest common factor of d and z.
3
Let a be 4 + (-6 - -5)/((-1)/26). Calculate the highest common divisor of a and 6.
6
Let u(a) = a**3 + 2*a**2 - 5. Let b be u(2). What is the greatest common factor of 55 and b?
11
Let s be 0 + 5/(5/57). Let g be (-21)/(-14) - s/(-2). Calculate the greatest common factor of g and 12.
6
Let j = -276 + 620. Calculate the greatest common divisor of j and 43.
43
Let x be ((-2184)/(-234))/(2/42). What is the highest common divisor of x and 14?
14
Let j = 15 - -21. Let v = 46 - j. What is the highest common divisor of 90 and v?
10
Suppose 286 + 155 = 3*m. What is the highest common factor of 63 and m?
21
Let m = 237 + -190. What is the highest common factor of 47 and m?
47
Let q = -11 + 13. Suppose -b + 12 = q*b. Let r be b/8 - (-21)/2. Calculate the greatest common factor of r and 1.
1
Suppose 4*j = -16 - 28. Let x = -5 - j. Suppose 3*f + 27 = 5*n, 17 + 6 = 3*n + 5*f. What is the greatest common divisor of x and n?
6
Let d(h) = 2*h**2 - 4*h - 9 - 3*h**2 + 8 - 1. Let z be d(-3). Let b = 5 - z. What is the highest common factor of 8 and b?
4
Suppose c - 109 = -66. Calculate the greatest common factor of c and 387.
43
Let a be (0 + 104 - -1) + -1. Let m(x) = -x + 70. Let v be m(20). Suppose -2*z + v + a = 0. What is the greatest common divisor of z and 7?
7
Let p(s) = 4*s**2 + 25*s + 7. Let l be p(-6). What is the greatest common divisor of l and 20?
1
Let y be 7/21 + 14/3. Suppose 14 - 54 = y*p. Let z(x) = x**3 + 8*x**2 - x + 3. Let s be z(p). What is the highest common divisor of s and 44?
11
Suppose 619 = 17*y - 1506. Calculate the greatest common factor of 200 and y.
25
Let r(x) = 11*x - 9. Let i be r(7). Let b = 39 + -22. Calculate the highest common factor of i and b.
17
Let v(c) = -c - 12. Let x be v(-11). Let h = x + 3. Let p be (2 - 0)*17/h. Calculate the highest common factor of 34 and p.
17
Let o(s) = 2*s**2 - s - 558. Let r be o(0). Let u be (r/(-24))/((-6)/(-8)). What is the highest common divisor of u and 31?
31
Let m = -11 + 13. Suppose -m*l + p = -3, -5*l + 6 + 29 = 3*p. Let x(d) = 5*d. Let i be x(l). What is the greatest common factor of i and 80?
20
Let g(s) = -2*s**2 + 28*s + 3. Let z be g(14). Suppose -z*a = -5*x - 365, 7 = -2*a - 5*x + 292. Calculate the highest common factor of 10 and a.
10
Let l(t) = t**3 - t**2 + t + 40. Let g be l(0). Suppose -j + 48 = -g. Suppose -2*w + 32 = -4*r, w - r = 7 + 12. What is the highest common factor of w and j?
22
Let p be -21*(-40)/(-6)*-5. Calculate the highest common divisor of 35 and p.
35
Let k(g) = 15*g. Let p be k(6). Let s(v) = -3*v**2 - 2*v - 13. Let w be s(-3). Let m = 44 + w. Calculate the highest common factor of p and m.
10
Let f = 151 - 11. What is the highest common divisor of 98 and f?
14
Let s(h) = -31*h - 165. Let c be s(-6). Calculate the greatest common factor of 567 and c.
21
Suppose -4*w = -t - 216, -w + t - 5*t + 54 = 0. What is the highest common divisor of w and 63?
9
Suppose 3*n + 2*n - 10 = 3*i, i - n = 0. Suppose i*b - 2 - 3 = 0. Suppose 4*o - 57 = -b. What is the greatest common divisor of 154 and o?
14
Let q be (-57)/(-9) - -1 - 1/3. What is the greatest common divisor of q and 21?
7
Suppose 0*d + 4*d = 12. Suppose -4*b = -b - 4*n - 10, d*n + 12 = 3*b. Suppose -55 = -3*x - 1. Calculate the greatest common factor of x and b.
6
Let w be (24 + -12)/2 - -30. Calculate the highest common factor of 44 and w.
4
Let o(l) = 11*l**2 + 4*l + 4. Let u be o(4). Suppose -6*r + 92 = -u. What is the greatest common divisor of r and 120?
24
Suppose -10 = 5*q, -q = 5*c + q - 6. Suppose 3*o - 55 = -c*m + 2*o, -4*o = -m + 50. Calculate the greatest common factor of m and 20.
10
Let v be (-2 - 4) + 7084/7 + -6. Calculate the highest common divisor of 40 and v.
40
Let s be (-136)/(-5)*(5 - 0). Let q be (-16)/24 + s/6. Let k be 4/q - (-159)/33. Calculate the highest common factor of k and 1.
1
Let p be (-1*4/(-20))/((-3)/(-4515)). Calculate the greatest common factor of p and 7.
7
Suppose 0 = -37*w + 39*w - 612. What is the greatest common divisor of w and 34?
34
Let m = -87 + 116. What is the highest common factor of m and 377?
29
Suppose 2*a + 2*v - 232 = 80, -2*v - 8 = 0. Let b be 64*(-3 + 4 - 0). Calculate the greatest common factor of a and b.
32
Let b(c) = -5*c - 11. Let l be b(-13). What is the greatest common divisor of 6 and l?
6
Let s = 496 + -288. What is the greatest common divisor of 16 and s?
16
Let u(n) = 5*n. Let b be u(0). Suppose b = 5*c - c - 168. Calculate the greatest common factor of c and 56.
14
Suppose p = 3 - 1. Suppose 0 = -l + 4*l - 51. Suppose -p*s - 3 = -l. Calculate the highest common factor of 1 and s.
1
Let k(o) = o**3 + 8*o**2 - 17*o - 3. Let g be k(-8). Suppose 6*d - 175 = -61. Calculate the greatest common divisor of d and g.
19
Let v = -4 - -6. Suppose -3*l - 2*l + 25 = 0. Suppose 5*d - 10 = 0, -85 - l = -5*x - 5*d. Calculate the highest common divisor of x and v.
2
Let c = -50 - -94. Let k = 8 + c. What is the highest common divisor of 13 and k?
13
Let f be (-25 + 10 + 10)*-1. Calculate the greatest common factor of 80 and f.
5
Suppose -2*m = -0*m - 96. Let a = 51 - 56. Let j(r) = -5*r - 1. Let t be j(a). Calculate the highest common factor of t and m.
24
Suppose 11792 + 556 = 18*w. Calculate the greatest common factor of 490 and w.
98
Suppose 527 = 11*w - 199. Let t(i) = 10*i**2 - i + 2. Let z be t(-2). Calculate the highest common factor of w and z.
22
Let o = 0 - 0. Suppose o = 4*a - 4*d - 2 - 10, -2*a + 2 = -d. Let k be a*76/(-4) + -3. What is the greatest common factor of k and 8?
8
Let w(f) = f + 10. Let p(j) = 2*j + 21. Let m = 5 - 7. Let i(a) = m*p(a) + 5*w(a). Let c be i(-7). What is the greatest common divisor of c and 11?
1
Let g = -725 - -953. Ca